 - 3 = -5. Suppose y*p = -h, 5*p + 5 = -h - 4. What is the remainder when h is divided by 2?
0
Calculate the remainder when -1 - 2 - -3*13 is divided by 13.
10
Suppose -3*q + 4*u + u + 57 = 0, -q = -5*u - 19. Let b = q + -8. Let m = 88 + -56. Calculate the remainder when m is divided by b.
10
Calculate the remainder when 318/9 - (-1)/(-3) is divided by 12.
11
Let w(r) = -4*r - 11. Calculate the remainder when 114 is divided by w(-6).
10
Suppose -5*z + 27 = 4*r + 5, 3*r - 9 = 0. Suppose 4*l - 116 = z*l. What is the remainder when 1/((2/l)/1) is divided by 15?
14
Suppose 3*p - 24 - 6 = 0. Calculate the remainder when 47 is divided by p.
7
Let v(c) = -c - 3. Let p be v(-4). Let n = p - 0. Suppose -4*g + 3 = -1. Calculate the remainder when g is divided by n.
0
Let v(l) = l**3 - l**2 + 4*l - 3. Let i be v(2). Let h be i/4*(-28)/7. Let k = -6 - h. What is the remainder when 8 is divided by k?
2
Suppose -2*x + 9 = t, 5*t + 2*x - 9 = 4*x. Suppose 102 = 4*b + l - t*l, -5*b = 2*l - 141. What is the remainder when b is divided by 15?
12
Let r = -2 - -9. Let n = 2 + 0. Suppose 0 = 2*d + n*y - 44, -2*d + 7*d - 108 = -4*y. What is the remainder when d is divided by r?
6
Let c be ((-16)/(-20))/(4/390). Suppose -4*x - 2*d - d = -c, x + d - 19 = 0. What is the remainder when x is divided by 6?
3
Let u(q) = -q**3 + 10*q**2 - q - 4. Calculate the remainder when u(9) is divided by 18.
14
Let f(b) = -b**3 + 8*b**2 + 11*b - 6. Calculate the remainder when 46 is divided by f(9).
10
Suppose 0 = 3*j - 7*j + 5*l + 43, -l = -3*j + 35. Suppose 0 = -0*a - a + 47. What is the remainder when a is divided by j?
11
Suppose 5*s - 25 - 50 = 0. What is the remainder when 59 is divided by s?
14
Let g(w) = -w**3 - 13*w**2 - w + 1. Let b be g(-13). Let k be (0 + -1 - 1) + 2. Suppose k*f - b = -f. What is the remainder when f is divided by 5?
4
Let o = 258 + -200. What is the remainder when o is divided by 12?
10
Calculate the remainder when (-16)/72 + (-263)/(-9) is divided by 15.
14
Suppose 5*u - 46 = 49. What is the remainder when 55 is divided by u?
17
Let a = 103 - 84. Calculate the remainder when 56 is divided by a.
18
Let m = 86 + -60. What is the remainder when 49 is divided by m?
23
Let m(j) = j**3 + 12*j**2 + 20*j. Calculate the remainder when m(-9) is divided by 33.
30
Let m(k) = -7*k**2 + k - 2. Let v be m(2). Let c = v - -46. What is the remainder when c is divided by 7?
4
Suppose 5*v - 19 = 36. Suppose 4*g + 2 = -4*x - 2, 0 = -2*g + 5*x + 19. Suppose -10 = -g*q + 52. What is the remainder when q is divided by v?
9
Suppose -5*s + 144 = 13*s. What is the remainder when 47 is divided by s?
7
Suppose 0 = -3*g - 0 + 27. Suppose 3*l - w - 17 = 0, 3*l - 4*l + 3 = w. What is the remainder when g is divided by l?
4
Let w = 15 + -12. Suppose 2*b - 41 = w*t, -t - 19 = -b + t. What is the remainder when b is divided by 14?
11
Let f = 36 + -4. Calculate the remainder when f is divided by 17.
15
Let c(f) = f - 1. Let p be c(1). Let t be (3 + 0)/6*p. Suppose t = -5*l + 4*n + 28, -4*l - 5*n + 34 + 13 = 0. Calculate the remainder when 23 is divided by l.
7
Suppose -36 = -31*k + 29*k. Suppose -q + 2*b = 3, 0*q = 2*q + b + 6. What is the remainder when k is divided by ((-2)/q)/((-1)/(-15))?
8
Suppose 0 = -4*q + 4*j + 72 - 0, -2*j = -q + 22. Suppose -y - 1 - 2 = -2*w, -10 = 2*y - 5*w. Calculate the remainder when q is divided by y.
4
Let w = 2 - -20. What is the remainder when w is divided by 8?
6
Suppose -4*u + 7*u - 21 = 0. Let x = 11 - 7. What is the remainder when u is divided by x?
3
Let r = 11 + 11. What is the remainder when r is divided by 110/(-33)*(-9)/5?
4
Let l(h) = h**3 + 7*h**2 - 7*h - 9. Let z be l(-6). Suppose 5*m - 115 = 3*d - d, -z = -3*m - 2*d. Calculate the remainder when 67 is divided by m.
21
Suppose 0 = -2*z - 8*z + 410. Calculate the remainder when z is divided by 9.
5
Suppose 2*x + 0*x = 0. Suppose x = 3*z - 36. Calculate the remainder when (1*-11)/(1/(-2)) is divided by z.
10
Suppose -15 = 2*z - 53. Suppose 0*b - 3*b + 11 = -p, 3*p = 3*b - 21. Let r(y) = -y + 2. Calculate the remainder when z is divided by r(p).
5
Let u = 103 - 70. Suppose u = -0*k + 3*k. What is the remainder when 32/((-2)/(-2))*1 is divided by k?
10
Let m = 12 - 8. Suppose 102 = m*x - 58. What is the remainder when x is divided by 11?
7
Let d(z) = 15*z + 1. Suppose 0*c + 25 = u - c, 4*u = -c + 125. What is the remainder when u is divided by d(1)?
14
Let i(d) = d**3 + 26*d**2 + 24*d - 7. Suppose 4*m + 12 = 144. What is the remainder when m is divided by i(-25)?
15
Let u be (0 - -2) + 0 + 3. Suppose u*y - 245 = -10. What is the remainder when y is divided by 12?
11
Let n be (0 - 2) + 33 + 1. Let q = -20 + n. What is the remainder when (176/20)/(4/10) is divided by q?
10
Suppose 3*y = 2*p - 47, -3*p = p + 5*y - 149. Calculate the remainder when p is divided by 7.
3
Suppose 2*w = 4*l - 2*l + 222, -5*w + 3*l + 553 = 0. Let s = w - 64. Calculate the remainder when s is divided by 16.
14
Let m(u) = 2*u - 2. Let k be m(-2). Let c(h) = -3*h - 6. Let s = 102 + -80. What is the remainder when s is divided by c(k)?
10
Suppose 2*l + 5*f - 80 = 0, -3*l + 5*l - f = 104. Let j = l - 22. Calculate the remainder when j is divided by 10.
8
Suppose 4*q - 13 + 5 = 0. Suppose 0 = q*d - 5 + 1. Suppose 0*g + 26 = d*g. What is the remainder when g is divided by 7?
6
Suppose -2*y = -9*y + 70. Calculate the remainder when 57 is divided by y.
7
Let r(q) = q**3 + 7*q**2 + 4*q - 5. Let v be r(-6). Suppose -4*h + v*h = 36. Suppose 11 = n - 11. Calculate the remainder when n is divided by h.
10
Suppose 3*v + 0*v - 6 = -3*i, -4*i + 11 = 5*v. What is the remainder when 31 - 1 - (-2)/2 is divided by -11*v/(1 + -4)?
9
Let t = -88 - -95. What is the remainder when 32 is divided by t?
4
Let v(r) = r**2 + 2*r + 2. Suppose 24 = 5*a + 4*n, -n - 44 = -6*a + a. Calculate the remainder when a is divided by v(-3).
3
Let m(c) = -c**3 - 8*c**2 + 9*c + 3. Let g be m(-9). Suppose 0 = g*z - 68 - 1. Let v = -26 + 94. What is the remainder when v is divided by z?
22
Suppose 5*f + 2*o + 3*o - 55 = 0, -5*o + 25 = 2*f. Suppose -f = -2*z + p, p - 6 + 0 = -2*z. Let y = z - -13. Calculate the remainder when 49 is divided by y.
15
Suppose b - 19 = -4*c, 4*b - c + 2*c - 91 = 0. Calculate the remainder when b is divided by 5.
3
Let j be 96/52 + (-4)/(-26). Suppose 34 = 5*f + 5*u + 4, 2*f + 8 = 3*u. Calculate the remainder when 5 + (j - 4) + 0 is divided by f.
1
Let f = 44 + -27. What is the remainder when f is divided by 12?
5
Let g(v) = v**2 - 8*v - 10. Let h(c) = -c**3 - 6*c**2 - 8*c - 5. Let w be h(-5). What is the remainder when 28 - (0 + -1)*1 is divided by g(w)?
9
Let g(s) = -3*s**3 + s**2. Let x be g(1). Let o = x + 6. Calculate the remainder when 6 is divided by o.
2
Suppose -5*i + 2 = -4*i. Let m = 13 - i. Let l = 21 + -1. Calculate the remainder when l is divided by m.
9
Suppose -33 = -3*u - 3*d, 0 = u - 0*d - 4*d - 11. Suppose b + 4*i = 29, 5*b - 6*b + 31 = 5*i. What is the remainder when b is divided by u?
10
Suppose 0 = -4*w + 3*w + 5. Let x(o) = -3*o**3 + o**2 + o + 1. Calculate the remainder when w is divided by x(-1).
1
Let c(u) = -u**3 - 16*u**2 - 3*u - 17. What is the remainder when c(-16) is divided by (1 + -2)*1 - -9?
7
Let u(n) = 7*n**2. Calculate the remainder when 138 is divided by u(2).
26
Let g(z) = z**3 + 8*z**2 - 8*z + 6. Let c be g(-9). Let b be ((-1)/3)/(c/18). Suppose -b*r = -r - 9. Calculate the remainder when 25 is divided by r.
7
Let f = -17 - -26. Calculate the remainder when f is divided by 15*-1*4/(-10).
3
Suppose 2*r = -o + 33, 3*o + 28 = 3*r + 1. Calculate the remainder when ((-105)/(-9) + 2)*3 is divided by r.
13
Suppose -q + 36 = 2*q. Let t(d) = -4*d - 3*d**2 - d**3 + 3*d + 3*d**3 - 2. Calculate the remainder when t(3) is divided by q.
10
Let w = -4 - -6. Suppose -2*z - q = -19, z - 6 = -w*q + 11. Calculate the remainder when z is divided by 3.
1
Suppose 10 = -q + 29. Calculate the remainder when 72 is divided by q.
15
Let s(k) = -k - 11. Let o be s(-5). Let h be o/1*4/(-6). Suppose h*l - 6*l = -t - 33, 0 = 3*l + 4*t - 33. What is the remainder when 43 is divided by l?
13
Let p(v) = v + 26. Calculate the remainder when 262 is divided by p(7).
31
Let w = 21 - 16. Calculate the remainder when 13 is divided by w